ase 2.
110001
5 (base 6) to base 11
5
Convert -8 (base 15) to base 10.
-8
-3 (base 12) to base 9
-3
What is -121 (base 6) in base 12?
-41
-5 (base 9) to base 5
-10
What is 27 (base 9) in base 4?
121
Convert 36 (base 12) to base 3.
1120
What is 36 (base 15) in base 14?
39
What is 45 (base 7) in base 15?
23
Convert 34 (base 13) to base 15.
2d
What is 52 (base 15) in base 8?
115
What is -4 (base 13) in base 10?
-4
-1020 (base 6) to base 10
-228
What is 121 (base 5) in base 12?
30
Convert 4 (base 16) to base 11.
4
What is -12 (base 4) in base 8?
-6
Convert -ad (base 16) to base 7.
-335
-1320 (base 6) to base 7
-660
3 (base 12) to base 14
3
11 (base 11) to base 13
c
Convert -2 (base 3) to base 4.
-2
What is -1011 (base 2) in base 8?
-13
What is 16 (base 14) in base 3?
202
Convert -3 (base 6) to base 4.
-3
-a (base 15) to base 16
-a
-12122 (base 3) to base 11
-129
Convert 12 (base 6) to base 2.
1000
Convert 111 (base 2) to base 9.
7
What is -66 (base 10) in base 5?
-231
2 (base 16) to base 6
2
2 (base 13) to base 15
2
Convert -7 (base 11) to base 16.
-7
What is 78 (base 9) in base 13?
56
What is -4 (base 10) in base 4?
-10
What is 254 (base 6) in base 7?
211
Convert -4 (base 14) to base 15.
-4
32 (base 5) to base 3
122
Convert 40 (base 6) to base 15.
19
What is 11 (base 3) in base 13?
4
What is -1 (base 8) in base 7?
-1
212 (base 3) to base 10
23
Convert -4f (base 16) to base 6.
-211
Convert -a (base 13) to base 2.
-1010
Convert -100 (base 2) to base 6.
-4
Convert 1 (base 15) to base 7.
1
-1100101 (base 2) to base 5
-401
-110 (base 2) to base 12
-6
Convert 1001 (base 3) to base 6.
44
Convert 1 (base 9) to base 11.
1
140 (base 5) to base 10
45
What is -1 (base 11) in base 10?
-1
-101111 (base 2) to base 4
-233
What is 49 (base 10) in base 14?
37
What is -1 (base 9) in base 6?
-1
What is 0 (base 6) in base 15?
0
Convert -4 (base 10) to base 16.
-4
244 (base 5) to base 7
134
What is 39 (base 16) in base 3?
2010
-10 (base 2) to base 4
-2
What is -1 (base 6) in base 11?
-1
Convert -8 (base 9) to base 16.
-8
What is -112 (base 4) in base 5?
-42
Convert 33 (base 8) to base 13.
21
Convert 21 (base 16) to base 12.
29
2 (base 14) to base 12
2
What is -2 (base 7) in base 15?
-2
Convert 4 (base 14) to base 16.
4
What is 55 (base 9) in base 15?
35
What is 4 (base 12) in base 11?
4
What is -20120 (base 3) in base 12?
-129
Convert 23 (base 7) to base 4.
101
Convert 0 (base 11) to base 3.
0
101 (base 4) to base 11
16
Convert -4 (base 16) to base 12.
-4
What is 2 (base 16) in base 8?
2
What is 1a (base 16) in base 5?
101
Convert -223 (base 7) to base 3.
-11021
What is -4 (base 11) in base 3?
-11
What is 20 (base 6) in base 8?
14
What is 116 (base 10) in base 7?
224
What is 1b (base 13) in base 8?
30
What is -2 (base 4) in base 7?
-2
What is 1 (base 6) in base 15?
1
-5 (base 14) to base 9
-5
Convert 1 (base 14) to base 10.
1
Convert 5 (base 16) to base 11.
5
Convert -3 (base 9) to base 4.
-3
Convert -3 (base 5) to base 14.
-3
Convert -45 (base 15) to base 12.
-55
What is -108 (base 12) in base 3?
-12122
What is 111000 (base 2) in base 11?
51
Convert -109 (base 10) to base 5.
-414
What is 18 (base 9) in base 8?
21
What is 13 (base 8) in base 5?
21
What is 2 (base 5) in base 16?
2
Convert 4 (base 15) to base 10.
4
301 (base 5) to base 11
6a
Convert 10 (base 11) to base 16.
b
Convert -2 (base 4) to base 11.
-2
What is 205 (base 7) in base 13?
7c
Convert -47 (base 8) to base 15.
-29
What is -1 (base 11) in base 15?
-1
Convert 0 (base 7) to base 16.
0
Convert 1 (base 6) to base 13.
1
Convert -4 (base 13) to base 6.
-4
Convert 2 (base 14) to base 9.
2
-56 (base 10) to base 2
-111000
-10 (base 9) to base 2
-1001
-13 (base 5) to base 9
-8
What is -2 (base 7) in base 6?
-2
Convert 0 (base 7) to base 6.
0
What is -152 (base 12) in base 14?
-10a
Convert -1 (base 6) to base 15.
-1
What is -3 (base 13) in base 7?
-3
Convert 142 (base 9) to base 8.
167
Convert -31 (base 12) to base 11.
-34
2 (base 11) to base 10
2
3 (base 14) to base 11
3
-1433 (base 5) to base 16
-f3
What is -36 (base 13) in base 9?
-50
Convert -3a (base 11) to base 8.
-53
Convert 11 (base 11) to base 7.
15
-2 (base 13) to base 12
-2
What is -1 (base 2) in base 14?
-1
Convert -11 (base 9) to base 5.
-20
What is -3 (base 13) in base 5?
-3
Convert -111100 (base 2) to base 15.
-40
-34 (base 10) to base 6
-54
What is -61 (base 9) in base 2?
-110111
2 (base 12) to base 6
2
Convert 2103 (base 5) to base 12.
1b2
What is -6 (base 12) in base 7?
-6
What is -105 (base 8) in base 14?
-4d
-16 (base 9) to base 2
-1111
1110 (base 2) to base 8
16
What is 2 (base 13) in base 3?
2
What is -79 (base 14) in base 4?
-1223
What is 7 (base 15) in base 6?
11
What is 33 (base 12) in base 6?
103
78 (base 10) to base 13
60
7 (base 9) to base 6
11
What is -6 (base 11) in base 3?
-20
What is 112 (base 3) in base 12?
12
1112 (base 6) to base 4
10010
1021 (base 3) to base 8
42
-20c (base 13) to base 15
-185
-102 (base 3) to base 15
-b
Convert -21 (base 3) to base 8.
-7
-11100 (base 2) to base 3
-1001
Convert -2 (base 13) to base 16.
-2
What is -2 (base 8) in base 12?
-2
1002 (base 4) to base 13
51
Convert 151 (base 11) to base 16.
b1
Convert -2 (base 14) to base 6.
-2
What is -31 (base 4) in base 9?
-14
-1 (base 13) to base 14
-1
What is -43 (base 7) in base 6?
-51
1011 (base 2) to base 15
b
38 (base 12) to base 7
62
Convert -3 (base 9) to base 8.
-3
What is 286 (base 10) in base 13?
190
What is 12 (base 13) in base 2?
1111
6 (base 12) to base 7
6
Convert -342 (base 6) to base 11.
-112
Convert -4 (base 10) to base 13.
-4
Convert 2 (base 9) to base 15.
2
Convert 51 (base 7) to base 14.
28
What is -1 (base 3) in base 10?
-1
1 (base 7) to base 12
1
Convert -11 (base 2) to base 8.
-3
-130 (base 7) to base 4
-1012
5 (base 15) to base 9
5
-101 (base 8) to base 12
-55
-1 (base 14) to base 9
-1
Convert -535 (base 6) to base 13.
-128
42 (base 11) to base 2
101110
Convert -16 (base 9) to base 13.
-12
What is -2 (base 9) in base 8?
-2
Convert 1011 (base 4) to base 13.
54
-3 (base 14) to base 6
-3
What is -9 (base 11) in base 15?
-9
Convert 20 (base 4) to base 11.
8
What is -30 (base 5) in base 2?
-1111
What is 0 (base 13) in base 10?
0
-4 (base 10) to base 13
-4
What is 11 (base 9) in base 2?
1010
Convert 25 (base 13) to base 15.
21
What is 2 (base 14) in base 8?
2
What is -1b (base 12) in base 3?
-212
Convert 14 (base 10) to base 8.
16
-10 (base 12) to base 15
-c
Convert 10 (base 3) to base 16.
3
Convert -24 (base 7) to base 15.
-13
What is -6 (base 9) in base 16?
-6
-21 (base 5) to base 6
-15
Convert -4 (base 10) to base 5.
-4
19 (base 15) to base 2
11000
1200 (base 3) to base 2
101101
-2 (base 5) to base 7
-2
What is 1 (base 11) in base 5?
1
-11 (base 5) to base 12
-6
-61 (base 7) to base 13
-34
7 (base 11) to base 5
12
Convert 1 (base 6) to base 14.
1
-8 (base 14) to base 5
-13
13 (base 5) to base 11
8
Convert 36 (base 7) to base 15.
1c
What is -10 (base 3) in base 8?
-3
Convert -124 (base 6) to base 9.
-57
What is 0 (base 4) in base 3?
0
Convert 3 (base 15) to base 4.
3
What is 10010000 (base 2) in base 6?
400
Convert -1 (base 16) to base 12.
-1
Convert 65 (base 9) to base 12.
4b
-16 (base 9) to base 15
-10
-11 (base 7) to base 8
-10
What is -1 (base 3) in base 16?
-1
Convert 8 (base 16) to base 8.
10
0 (base 2) to base 6
0
Convert 13 (base 10) to base 6.
21
-137 (base 8) to base 4
-1133
-4a (base 12) to base 16
-3a
122 (base 3) to base 11
16
What is -2e (base 15) in base 7?
-62
-3 (base 7) to base 8
-3
6 (base 10) to base 5
11
-56 (base 16) to base 14
-62
What is 1103 (base 5) in base 9?
180
What is -12 (base 12) in base 13?
-11
Convert -111 (base 3) to base 8.
-15
What is -12 (base 3) in base 7?
-5
58 (base 14) to base 12
66
-95 (base 14) to base 11
-10a
Convert 41 (base 7) to base 9.
32
What is 10 (base 3) in base 11?
3
Convert 4 (base 8) to base 7.
4
-26 (base 14) to base 6
-54
Convert 5 (base 15) to base 3.
12
6 (base 8) to base 5
11
5 (base 11) to base 5
10
0 (base 12) to base 16
0
What is 4 (base 5) in base 4?
10
5 (base 12) to base 10
5
Convert -1 (base 3) to base 2.
-1
What is 0 (base 4) in base 8?
0
5a (base 14) to base 6
212
What is 220 (base 4) in base 3?
1111
60 (base 13) to base 8
116
Convert -4 (base 15) to base 10.
-4
-271 (bas